{"id":689,"date":"2021-10-05T12:52:39","date_gmt":"2021-10-05T12:52:39","guid":{"rendered":"https:\/\/themexriver.com\/wp\/fastrans\/?page_id=689"},"modified":"2024-06-25T16:33:21","modified_gmt":"2024-06-25T13:33:21","slug":"our-faqs","status":"publish","type":"page","link":"http:\/\/guvenexpress.com\/?page_id=689","title":{"rendered":"Evden Eve Ta\u015f\u0131mac\u0131l\u0131k"},"content":{"rendered":"\t\t<div data-elementor-type=\"wp-page\" data-elementor-id=\"689\" class=\"elementor elementor-689\">\n\t\t\t\t\t\t<section class=\"elementor-section elementor-top-section elementor-element elementor-element-7b781f9 elementor-section-boxed elementor-section-height-default elementor-section-height-default\" data-id=\"7b781f9\" data-element_type=\"section\">\n\t\t\t\t\t\t<div class=\"elementor-container elementor-column-gap-default\">\n\t\t\t\t\t<div class=\"elementor-column elementor-col-33 elementor-top-column elementor-element elementor-element-1a2c5f4\" data-id=\"1a2c5f4\" data-element_type=\"column\">\n\t\t\t<div class=\"elementor-widget-wrap elementor-element-populated\">\n\t\t\t\t\t\t<div class=\"elementor-element elementor-element-8ee912a elementor-widget elementor-widget-image\" data-id=\"8ee912a\" data-element_type=\"widget\" data-widget_type=\"image.default\">\n\t\t\t\t<div class=\"elementor-widget-container\">\n\t\t\t<style>\/*! elementor - v3.22.0 - 24-06-2024 *\/\n.elementor-widget-image{text-align:center}.elementor-widget-image a{display:inline-block}.elementor-widget-image a img[src$=\".svg\"]{width:48px}.elementor-widget-image img{vertical-align:middle;display:inline-block}<\/style>\t\t\t\t\t\t\t\t\t\t<img fetchpriority=\"high\" decoding=\"async\" width=\"525\" height=\"656\" src=\"http:\/\/guvenexpress.com\/wp-content\/uploads\/2024\/05\/403844017_257088437355216_8454550512870867635_n-819x1024.jpg\" class=\"attachment-large size-large wp-image-2683\" alt=\"\" srcset=\"http:\/\/guvenexpress.com\/wp-content\/uploads\/2024\/05\/403844017_257088437355216_8454550512870867635_n-819x1024.jpg 819w, http:\/\/guvenexpress.com\/wp-content\/uploads\/2024\/05\/403844017_257088437355216_8454550512870867635_n-240x300.jpg 240w, http:\/\/guvenexpress.com\/wp-content\/uploads\/2024\/05\/403844017_257088437355216_8454550512870867635_n-768x960.jpg 768w, http:\/\/guvenexpress.com\/wp-content\/uploads\/2024\/05\/403844017_257088437355216_8454550512870867635_n-1229x1536.jpg 1229w, http:\/\/guvenexpress.com\/wp-content\/uploads\/2024\/05\/403844017_257088437355216_8454550512870867635_n.jpg 1440w\" sizes=\"(max-width: 525px) 100vw, 525px\" \/>\t\t\t\t\t\t\t\t\t\t\t\t\t<\/div>\n\t\t\t\t<\/div>\n\t\t\t\t\t<\/div>\n\t\t<\/div>\n\t\t\t\t<div class=\"elementor-column elementor-col-66 elementor-top-column elementor-element elementor-element-fee7aab\" data-id=\"fee7aab\" data-element_type=\"column\">\n\t\t\t<div class=\"elementor-widget-wrap elementor-element-populated\">\n\t\t\t\t\t\t<div class=\"elementor-element elementor-element-41054b3 elementor-widget elementor-widget-heading\" data-id=\"41054b3\" data-element_type=\"widget\" data-widget_type=\"heading.default\">\n\t\t\t\t<div class=\"elementor-widget-container\">\n\t\t\t<style>\/*! elementor - v3.22.0 - 24-06-2024 *\/\n.elementor-heading-title{padding:0;margin:0;line-height:1}.elementor-widget-heading .elementor-heading-title[class*=elementor-size-]>a{color:inherit;font-size:inherit;line-height:inherit}.elementor-widget-heading .elementor-heading-title.elementor-size-small{font-size:15px}.elementor-widget-heading .elementor-heading-title.elementor-size-medium{font-size:19px}.elementor-widget-heading .elementor-heading-title.elementor-size-large{font-size:29px}.elementor-widget-heading .elementor-heading-title.elementor-size-xl{font-size:39px}.elementor-widget-heading .elementor-heading-title.elementor-size-xxl{font-size:59px}<\/style><h5 class=\"elementor-heading-title elementor-size-default\">AVRUPA EVDEN EVE NAKL\u0130YAT<\/h5>\t\t<\/div>\n\t\t\t\t<\/div>\n\t\t\t\t<div class=\"elementor-element elementor-element-b4ceb4e elementor-widget elementor-widget-heading\" data-id=\"b4ceb4e\" data-element_type=\"widget\" data-widget_type=\"heading.default\">\n\t\t\t\t<div class=\"elementor-widget-container\">\n\t\t\t<h2 class=\"elementor-heading-title elementor-size-default\">Avrupa Evden Eve Nakliyat<\/h2>\t\t<\/div>\n\t\t\t\t<\/div>\n\t\t\t\t<div class=\"elementor-element elementor-element-7149bae elementor-widget elementor-widget-text-editor\" data-id=\"7149bae\" data-element_type=\"widget\" data-widget_type=\"text-editor.default\">\n\t\t\t\t<div class=\"elementor-widget-container\">\n\t\t\t<style>\/*! elementor - v3.22.0 - 24-06-2024 *\/\n.elementor-widget-text-editor.elementor-drop-cap-view-stacked .elementor-drop-cap{background-color:#69727d;color:#fff}.elementor-widget-text-editor.elementor-drop-cap-view-framed .elementor-drop-cap{color:#69727d;border:3px solid;background-color:transparent}.elementor-widget-text-editor:not(.elementor-drop-cap-view-default) .elementor-drop-cap{margin-top:8px}.elementor-widget-text-editor:not(.elementor-drop-cap-view-default) .elementor-drop-cap-letter{width:1em;height:1em}.elementor-widget-text-editor .elementor-drop-cap{float:left;text-align:center;line-height:1;font-size:50px}.elementor-widget-text-editor .elementor-drop-cap-letter{display:inline-block}<\/style>\t\t\t\t<p>Avrupa evden eve t\u0131r ta\u015f\u0131mac\u0131l\u0131\u011f\u0131, k\u0131ta genelinde ta\u015f\u0131nma s\u00fcrecini kolayla\u015ft\u0131rmak ve e\u015fyalar\u0131n g\u00fcvenli bir \u015fekilde yeni adresine ula\u015fmas\u0131n\u0131 sa\u011flamak amac\u0131yla profesyonel hizmetler sunan \u015firketler taraf\u0131ndan ger\u00e7ekle\u015ftirilir. Bu hizmet, ta\u015f\u0131nma s\u00fcrecinin t\u00fcm a\u015famalar\u0131n\u0131 kapsayacak \u015fekilde planlanm\u0131\u015f olup, genellikle a\u015fa\u011f\u0131daki ad\u0131mlar\u0131 i\u00e7erir:<\/p><ol><li><p><strong>\u00d6n Haz\u0131rl\u0131k ve Planlama<\/strong>: \u015eirket, m\u00fc\u015fterinin ta\u015f\u0131nma tarihini ve ihtiya\u00e7lar\u0131n\u0131 belirlemek i\u00e7in bir \u00f6n g\u00f6r\u00fc\u015fme yapar. Ta\u015f\u0131nacak e\u015fyalar\u0131n miktar\u0131 ve \u00f6zelliklerine g\u00f6re uygun ara\u00e7lar ve ekipmanlar belirlenir.<\/p><\/li><li><p><strong>Paketleme ve Ambalajlama<\/strong>: Profesyonel ekipler, e\u015fyalar\u0131n g\u00fcvenli bir \u015fekilde ta\u015f\u0131nabilmesi i\u00e7in gerekli olan t\u00fcm paketleme ve ambalajlama i\u015flemlerini ger\u00e7ekle\u015ftirir. K\u0131r\u0131lacak e\u015fyalar \u00f6zel malzemelerle sar\u0131l\u0131r ve mobilyalar uygun \u015fekilde korunur.<\/p><\/li><li><p><strong>Y\u00fckleme ve Nakliye<\/strong>: T\u0131r, e\u015fyalar\u0131n y\u00fcklenmesi i\u00e7in m\u00fc\u015fterinin adresine gelir. E\u015fyalar dikkatli bir \u015fekilde t\u0131ra y\u00fcklenir ve sabitlenir. Avrupa genelinde yayg\u0131n olan otoyol ve g\u00fczergah bilgisi ile ta\u015f\u0131ma i\u015flemi ger\u00e7ekle\u015ftirilir.<\/p><\/li><li><p><strong>G\u00fcmr\u00fck \u0130\u015flemleri<\/strong>: Uluslararas\u0131 ta\u015f\u0131mac\u0131l\u0131k i\u015flemlerinde g\u00fcmr\u00fck i\u015flemleri \u00f6nemli bir yer tutar. \u015eirket, gerekli belgeleri haz\u0131rlayarak g\u00fcmr\u00fck s\u00fcre\u00e7lerini y\u00f6netir ve e\u015fyalar\u0131n sorunsuz bir \u015fekilde s\u0131n\u0131r ge\u00e7i\u015flerini sa\u011flar.<\/p><\/li><li><p><strong>Teslimat ve Kurulum<\/strong>: Yeni adrese var\u0131ld\u0131\u011f\u0131nda, e\u015fyalar dikkatlice bo\u015falt\u0131l\u0131r ve m\u00fc\u015fterinin iste\u011fine g\u00f6re evde istenilen yerlere yerle\u015ftirilir. Mobilyalar\u0131n montaj\u0131 yap\u0131l\u0131r ve e\u015fyalar kullan\u0131ma haz\u0131r hale getirilir.<\/p><\/li><\/ol><h3>Neden Profesyonel Ta\u015f\u0131mac\u0131l\u0131k Hizmeti?<\/h3><ul><li><strong>G\u00fcvenlik ve Sigorta<\/strong>: E\u015fyalar\u0131n g\u00fcvenli bir \u015fekilde ta\u015f\u0131nmas\u0131 ve olas\u0131 hasarlara kar\u015f\u0131 sigortalanmas\u0131 sa\u011flan\u0131r.<\/li><li><strong>Zaman ve Maliyet Tasarrufu<\/strong>: Profesyonel hizmetler, ta\u015f\u0131nma s\u00fcrecini h\u0131zland\u0131r\u0131r ve beklenmedik maliyetleri \u00f6nler.<\/li><li><strong>Sorunsuz G\u00fcmr\u00fck \u0130\u015flemleri<\/strong>: Uluslararas\u0131 ta\u015f\u0131nmalarda g\u00fcmr\u00fck i\u015flemleri profesyonelce y\u00f6netilir.<\/li><li><strong>Konfor ve Rahatl\u0131k<\/strong>: Ta\u015f\u0131nma s\u00fcreci stressiz ve rahat bir \u015fekilde tamamlan\u0131r.<\/li><\/ul><p>Avrupa evden eve t\u0131r ta\u015f\u0131mac\u0131l\u0131\u011f\u0131 hizmetleri, ta\u015f\u0131nma s\u00fcrecini kolayla\u015ft\u0131rmak ve m\u00fc\u015fterilerin e\u015fyalar\u0131n\u0131 g\u00fcvenli bir \u015fekilde yeni adreslerine ula\u015ft\u0131rmak i\u00e7in ideal bir \u00e7\u00f6z\u00fcmd\u00fcr. Profesyonel bir \u015firketle \u00e7al\u0131\u015farak, ta\u015f\u0131nman\u0131n her a\u015famas\u0131nda destek alabilir ve s\u00fcreci sorunsuz bir \u015fekilde tamamlayabilirsiniz.<\/p>\t\t\t\t\t\t<\/div>\n\t\t\t\t<\/div>\n\t\t\t\t\t<\/div>\n\t\t<\/div>\n\t\t\t\t\t<\/div>\n\t\t<\/section>\n\t\t\t\t<\/div>\n\t\t","protected":false},"excerpt":{"rendered":"<p>AVRUPA EVDEN EVE NAKL\u0130YAT Avrupa Evden Eve Nakliyat Avrupa evden eve t\u0131r ta\u015f\u0131mac\u0131l\u0131\u011f\u0131, k\u0131ta genelinde ta\u015f\u0131nma s\u00fcrecini kolayla\u015ft\u0131rmak ve e\u015fyalar\u0131n g\u00fcvenli bir \u015fekilde yeni adresine ula\u015fmas\u0131n\u0131 sa\u011flamak amac\u0131yla profesyonel hizmetler sunan \u015firketler taraf\u0131ndan ger\u00e7ekle\u015ftirilir. Bu hizmet, ta\u015f\u0131nma s\u00fcrecinin t\u00fcm a\u015famalar\u0131n\u0131 kapsayacak \u015fekilde planlanm\u0131\u015f olup, genellikle a\u015fa\u011f\u0131daki ad\u0131mlar\u0131 i\u00e7erir: \u00d6n Haz\u0131rl\u0131k ve Planlama: \u015eirket, m\u00fc\u015fterinin ta\u015f\u0131nma [&hellip;]<\/p>\n","protected":false},"author":1,"featured_media":0,"parent":0,"menu_order":0,"comment_status":"closed","ping_status":"closed","template":"tpl-default-elementor.php","meta":{"footnotes":""},"class_list":["post-689","page","type-page","status-publish","hentry"],"_links":{"self":[{"href":"http:\/\/guvenexpress.com\/index.php?rest_route=\/wp\/v2\/pages\/689","targetHints":{"allow":["GET"]}}],"collection":[{"href":"http:\/\/guvenexpress.com\/index.php?rest_route=\/wp\/v2\/pages"}],"about":[{"href":"http:\/\/guvenexpress.com\/index.php?rest_route=\/wp\/v2\/types\/page"}],"author":[{"embeddable":true,"href":"http:\/\/guvenexpress.com\/index.php?rest_route=\/wp\/v2\/users\/1"}],"replies":[{"embeddable":true,"href":"http:\/\/guvenexpress.com\/index.php?rest_route=%2Fwp%2Fv2%2Fcomments&post=689"}],"version-history":[{"count":21,"href":"http:\/\/guvenexpress.com\/index.php?rest_route=\/wp\/v2\/pages\/689\/revisions"}],"predecessor-version":[{"id":3211,"href":"http:\/\/guvenexpress.com\/index.php?rest_route=\/wp\/v2\/pages\/689\/revisions\/3211"}],"wp:attachment":[{"href":"http:\/\/guvenexpress.com\/index.php?rest_route=%2Fwp%2Fv2%2Fmedia&parent=689"}],"curies":[{"name":"wp","href":"https:\/\/api.w.org\/{rel}","templated":true}]}}